2491
What are the prime factors of 9801353?
157, 163, 383
What are the prime factors of 1013362?
2, 7, 72383
List the prime factors of 757274.
2, 7, 54091
List the prime factors of 9444899.
151, 62549
List the prime factors of 328914.
2, 3, 6091
What are the prime factors of 1728192?
2, 3, 9001
What are the prime factors of 218744?
2, 37, 739
What are the prime factors of 8277727?
947, 8741
What are the prime factors of 5903337?
3, 11, 178889
What are the prime factors of 2023525?
5, 7, 31, 373
What are the prime factors of 5962898?
2, 2981449
What are the prime factors of 639842?
2, 7, 6529
What are the prime factors of 227419?
227419
What are the prime factors of 24458602?
2, 7, 1747043
What are the prime factors of 255807?
3, 43, 661
List the prime factors of 13657966.
2, 7, 139367
List the prime factors of 522364.
2, 43, 3037
List the prime factors of 3035886.
2, 3, 7, 41, 43
What are the prime factors of 29691879?
3, 7, 101, 13999
What are the prime factors of 953256?
2, 3, 39719
List the prime factors of 29602496.
2, 7, 11, 6007
List the prime factors of 235531.
317, 743
List the prime factors of 632131.
53, 11927
List the prime factors of 609837.
3, 203279
What are the prime factors of 13118055?
3, 5, 874537
List the prime factors of 14032320.
2, 3, 5, 47, 311
List the prime factors of 6117886.
2, 19, 160997
What are the prime factors of 1903725?
3, 5, 8461
What are the prime factors of 1644233?
1644233
List the prime factors of 335666.
2, 157, 1069
What are the prime factors of 83659?
269, 311
What are the prime factors of 86125?
5, 13, 53
What are the prime factors of 379765?
5, 151, 503
What are the prime factors of 1991363?
11, 17, 23, 463
List the prime factors of 3265295.
5, 11, 59369
List the prime factors of 1645838.
2, 17, 48407
List the prime factors of 1346198.
2, 7, 96157
List the prime factors of 424645.
5, 13, 47, 139
List the prime factors of 177730.
2, 5, 7, 2539
List the prime factors of 24002.
2, 11, 1091
List the prime factors of 169443.
3, 67, 281
List the prime factors of 445588.
2, 11, 13, 19, 41
List the prime factors of 153623.
153623
List the prime factors of 133968.
2, 3, 2791
What are the prime factors of 9272066?
2, 47, 98639
List the prime factors of 138377.
19, 7283
What are the prime factors of 6037220?
2, 5, 7, 29, 1487
List the prime factors of 371357.
7, 53051
List the prime factors of 1574003.
1574003
List the prime factors of 1393304.
2, 11, 71, 223
List the prime factors of 6530787.
3, 80627
What are the prime factors of 9674470?
2, 5, 13, 74419
List the prime factors of 4903043.
4903043
What are the prime factors of 1221941?
7, 227, 769
List the prime factors of 2320420.
2, 5, 181, 641
List the prime factors of 4465536.
2, 3, 29, 401
List the prime factors of 528979.
11, 19, 2531
List the prime factors of 324668.
2, 23, 3529
List the prime factors of 1632395.
5, 326479
What are the prime factors of 97545?
3, 5, 7, 929
List the prime factors of 9690722.
2, 19, 255019
List the prime factors of 15541413.
3, 5180471
What are the prime factors of 71477?
7, 10211
What are the prime factors of 49236?
2, 3, 11, 373
List the prime factors of 952212.
2, 3, 73, 1087
List the prime factors of 5351891.
5351891
What are the prime factors of 4160411?
19, 218969
List the prime factors of 2025624.
2, 3, 84401
What are the prime factors of 5617111?
47, 119513
What are the prime factors of 27810202?
2, 7, 1986443
What are the prime factors of 3869741?
3869741
What are the prime factors of 58963?
58963
What are the prime factors of 3095223?
3, 1031741
List the prime factors of 4405900.
2, 5, 44059
List the prime factors of 273298.
2, 136649
What are the prime factors of 615930?
2, 3, 5, 7, 419
List the prime factors of 28462383.
3, 3162487
What are the prime factors of 196339?
11, 13, 1373
List the prime factors of 1296009.
3, 11, 13, 19, 53
List the prime factors of 325399.
139, 2341
What are the prime factors of 21270334?
2, 61, 174347
List the prime factors of 446573.
17, 109, 241
List the prime factors of 710586.
2, 3, 13159
What are the prime factors of 754217?
754217
List the prime factors of 2544533.
47, 54139
What are the prime factors of 498673?
7, 10177
What are the prime factors of 3385517?
3385517
What are the prime factors of 2971366?
2, 1485683
What are the prime factors of 31326140?
2, 5, 1566307
What are the prime factors of 15146567?
15146567
What are the prime factors of 5040477?
3, 13, 67, 643
List the prime factors of 204679.
204679
What are the prime factors of 193849?
149, 1301
What are the prime factors of 13627?
13627
List the prime factors of 1716926.
2, 858463
What are the prime factors of 307646?
2, 101, 1523
List the prime factors of 8680802.
2, 13, 29, 397
List the prime factors of 8244764.
2, 11, 23, 8147
What are the prime factors of 358697?
358697
What are the prime factors of 5263641?
3, 584849
List the prime factors of 1613873.
1613873
What are the prime factors of 3857329?
7, 78721
What are the prime factors of 11472565?
5, 13, 13577
What are the prime factors of 2565209?
19, 79, 1709
List the prime factors of 7213306.
2, 23, 191, 821
List the prime factors of 6814831.
23, 181, 1637
What are the prime factors of 312998?
2, 7, 79, 283
What are the prime factors of 164587?
164587
What are the prime factors of 363944?
2, 7, 67, 97
What are the prime factors of 3759129?
3, 11, 4219
What are the prime factors of 454715?
5, 199, 457
List the prime factors of 1136052.
2, 3, 67, 157
List the prime factors of 815149.
815149
What are the prime factors of 16122531?
3, 5374177
What are the prime factors of 304817?
19, 61, 263
List the prime factors of 23929272.
2, 3, 31, 71, 151
What are the prime factors of 13807292?
2, 1319, 2617
What are the prime factors of 3673651?
3673651
What are the prime factors of 546183?
3, 11, 613
What are the prime factors of 92389?
11, 37, 227
List the prime factors of 1242572.
2, 310643
List the prime factors of 725912.
2, 11, 73, 113
What are the prime factors of 598204?
2, 149551
What are the prime factors of 311511?
3, 103837
List the prime factors of 1257696.
2, 3, 11, 397
List the prime factors of 3441893.
7, 13, 109, 347
What are the prime factors of 241208?
2, 11, 2741
What are the prime factors of 177206?
2, 251, 353
What are the prime factors of 2892347?
443, 6529
What are the prime factors of 763076?
2, 190769
List the prime factors of 4101171.
3, 1367057
What are the prime factors of 1622765?
5, 23, 103, 137
List the prime factors of 916358.
2, 458179
List the prime factors of 204625.
5, 1637
List the prime factors of 955529.
19, 50291
List the prime factors of 842484.
2, 3, 70207
What are the prime factors of 8721172?
2, 2180293
List the prime factors of 530365.
5, 11, 9643
List the prime factors of 215748.
2, 3, 13, 461
List the prime factors of 2892963.
3, 23, 41927
List the prime factors of 925342.
2, 11, 42061
List the prime factors of 3750743.
617, 6079
What are the prime factors of 1465046?
2, 11, 66593
List the prime factors of 4217890.
2, 5, 211, 1999
What are the prime factors of 385745?
5, 179, 431
What are the prime factors of 3725867?
71, 97, 541
What are the prime factors of 47996?
2, 13, 71
What are the prime factors of 4310279?
4310279
What are the prime factors of 7031272?
2, 71, 12379
List the prime factors of 672941.
53, 12697
What are the prime factors of 17446372?
2, 4361593
What are the prime factors of 1052712?
2, 3, 14621
List the prime factors of 7255396.
2, 17, 23, 4639
List the prime factors of 33113085.
3, 5, 2207539
List the prime factors of 5965214.
2, 37, 80611
List the prime factors of 301702.
2, 251, 601
List the prime factors of 3256234.
2, 1628117
List the prime factors of 1728315.
3, 5, 193, 199
List the prime factors of 93685.
5, 41, 457
What are the prime factors of 34525723?
31, 751, 1483
What are the prime factors of 3785091?
3, 1261697
What are the prime factors of 32602150?
2, 5, 7, 1901
What are the prime factors of 1039924?
2, 17, 41, 373
List the prime factors of 4284627.
3, 1428209
What are the prime factors of 777605?
5, 155521
List the prime factors of 1891207.
41, 193, 239
What are the prime factors of 7243836?
2, 3, 17, 35509
List the prime factors of 289652.
2, 11, 29, 227
What are the prime factors